{"id":564,"date":"2024-03-13T18:05:39","date_gmt":"2024-03-13T17:05:39","guid":{"rendered":"https:\/\/sitapeturs.com\/?page_id=564"},"modified":"2025-11-04T12:27:01","modified_gmt":"2025-11-04T11:27:01","slug":"sitapeturs","status":"publish","type":"page","link":"https:\/\/sitapeturs.com\/","title":{"rendered":"SitaPeturs"},"content":{"rendered":"\t\t<div data-elementor-type=\"wp-page\" data-elementor-id=\"564\" class=\"elementor elementor-564\" data-elementor-post-type=\"page\">\n\t\t\t\t<div class=\"elementor-element elementor-element-3522205 e-con-full e-flex e-con e-parent\" data-id=\"3522205\" data-element_type=\"container\" data-e-type=\"container\" data-settings=\"{&quot;background_background&quot;:&quot;gradient&quot;}\">\n\t\t<div class=\"elementor-element elementor-element-c29f224 e-con-full e-flex e-con e-child\" data-id=\"c29f224\" data-element_type=\"container\" data-e-type=\"container\">\n\t\t\t\t<div class=\"elementor-element elementor-element-bc01d39 elementor-widget elementor-widget-theme-site-logo elementor-widget-image\" data-id=\"bc01d39\" data-element_type=\"widget\" data-e-type=\"widget\" data-widget_type=\"theme-site-logo.default\">\n\t\t\t\t<div class=\"elementor-widget-container\">\n\t\t\t\t\t\t\t\t\t\t\t<a href=\"https:\/\/sitapeturs.com\">\n\t\t\t<img decoding=\"async\" width=\"382\" height=\"104\" src=\"https:\/\/sitapeturs.com\/wp-content\/uploads\/2024\/01\/Livets-Reise.png\" class=\"attachment-full size-full wp-image-179\" alt=\"\" srcset=\"https:\/\/sitapeturs.com\/wp-content\/uploads\/2024\/01\/Livets-Reise.png 382w, https:\/\/sitapeturs.com\/wp-content\/uploads\/2024\/01\/Livets-Reise-300x82.png 300w\" sizes=\"(max-width: 382px) 100vw, 382px\" \/>\t\t\t\t<\/a>\n\t\t\t\t\t\t\t\t\t\t\t<\/div>\n\t\t\t\t<\/div>\n\t\t\t\t<\/div>\n\t\t<div class=\"elementor-element elementor-element-8dd402f e-con-full e-flex e-con e-child\" data-id=\"8dd402f\" data-element_type=\"container\" data-e-type=\"container\">\n\t\t\t\t<div class=\"elementor-element elementor-element-4e41b7f elementor-widget elementor-widget-button\" data-id=\"4e41b7f\" data-element_type=\"widget\" data-e-type=\"widget\" data-widget_type=\"button.default\">\n\t\t\t\t<div class=\"elementor-widget-container\">\n\t\t\t\t\t\t\t\t\t<div class=\"elementor-button-wrapper\">\n\t\t\t\t\t<a class=\"elementor-button elementor-button-link elementor-size-sm\" href=\"https:\/\/sitapeturs.com\/index.php\/elementor-407\/\">\n\t\t\t\t\t\t<span class=\"elementor-button-content-wrapper\">\n\t\t\t\t\t\t\t\t\t<span class=\"elementor-button-text\">EQ-terapi Norsk<\/span>\n\t\t\t\t\t<\/span>\n\t\t\t\t\t<\/a>\n\t\t\t\t<\/div>\n\t\t\t\t\t\t\t\t<\/div>\n\t\t\t\t<\/div>\n\t\t\t\t<\/div>\n\t\t<div class=\"elementor-element elementor-element-244d12d e-con-full e-flex e-con e-child\" data-id=\"244d12d\" data-element_type=\"container\" data-e-type=\"container\">\n\t\t\t\t<div class=\"elementor-element elementor-element-3998164 elementor-widget elementor-widget-button\" data-id=\"3998164\" data-element_type=\"widget\" data-e-type=\"widget\" data-widget_type=\"button.default\">\n\t\t\t\t<div class=\"elementor-widget-container\">\n\t\t\t\t\t\t\t\t\t<div class=\"elementor-button-wrapper\">\n\t\t\t\t\t<a class=\"elementor-button elementor-button-link elementor-size-sm\" href=\"https:\/\/sitapeturs.com\/index.php\/heimis\/\">\n\t\t\t\t\t\t<span class=\"elementor-button-content-wrapper\">\n\t\t\t\t\t\t\t\t\t<span class=\"elementor-button-text\">EQ-\u00feerapist \u00cdslenska<\/span>\n\t\t\t\t\t<\/span>\n\t\t\t\t\t<\/a>\n\t\t\t\t<\/div>\n\t\t\t\t\t\t\t\t<\/div>\n\t\t\t\t<\/div>\n\t\t\t\t<\/div>\n\t\t<div class=\"elementor-element elementor-element-699eb18 e-con-full e-flex e-con e-child\" data-id=\"699eb18\" data-element_type=\"container\" data-e-type=\"container\">\n\t\t\t\t<div class=\"elementor-element elementor-element-ba3443e elementor-widget elementor-widget-button\" data-id=\"ba3443e\" data-element_type=\"widget\" data-e-type=\"widget\" data-widget_type=\"button.default\">\n\t\t\t\t<div class=\"elementor-widget-container\">\n\t\t\t\t\t\t\t\t\t<div class=\"elementor-button-wrapper\">\n\t\t\t\t\t<a class=\"elementor-button elementor-button-link elementor-size-sm\" href=\"https:\/\/sitapeturs.com\/index.php\/fyrirlestrar\/\">\n\t\t\t\t\t\t<span class=\"elementor-button-content-wrapper\">\n\t\t\t\t\t\t\t\t\t<span class=\"elementor-button-text\">Fyrirlestrar fyrir leiksk\u00f3la<\/span>\n\t\t\t\t\t<\/span>\n\t\t\t\t\t<\/a>\n\t\t\t\t<\/div>\n\t\t\t\t\t\t\t\t<\/div>\n\t\t\t\t<\/div>\n\t\t\t\t<\/div>\n\t\t\t\t<\/div>\n\t\t<div class=\"elementor-element elementor-element-610c58ef e-con-full e-flex e-con e-parent\" data-id=\"610c58ef\" data-element_type=\"container\" data-e-type=\"container\" data-settings=\"{&quot;background_background&quot;:&quot;classic&quot;}\">\n\t\t\t\t<div class=\"elementor-element elementor-element-1dfd8c5c elementor-widget elementor-widget-spacer\" data-id=\"1dfd8c5c\" data-element_type=\"widget\" data-e-type=\"widget\" data-widget_type=\"spacer.default\">\n\t\t\t\t<div class=\"elementor-widget-container\">\n\t\t\t\t\t\t\t<div class=\"elementor-spacer\">\n\t\t\t<div class=\"elementor-spacer-inner\"><\/div>\n\t\t<\/div>\n\t\t\t\t\t\t<\/div>\n\t\t\t\t<\/div>\n\t\t<div class=\"elementor-element elementor-element-22153f09 e-con-full e-flex e-con e-child\" data-id=\"22153f09\" data-element_type=\"container\" data-e-type=\"container\">\n\t\t\t\t<div class=\"elementor-element elementor-element-3808d16b elementor-widget elementor-widget-spacer\" data-id=\"3808d16b\" data-element_type=\"widget\" data-e-type=\"widget\" data-widget_type=\"spacer.default\">\n\t\t\t\t<div class=\"elementor-widget-container\">\n\t\t\t\t\t\t\t<div class=\"elementor-spacer\">\n\t\t\t<div class=\"elementor-spacer-inner\"><\/div>\n\t\t<\/div>\n\t\t\t\t\t\t<\/div>\n\t\t\t\t<\/div>\n\t\t\t\t<div class=\"elementor-element elementor-element-3da27b6f elementor-widget__width-initial elementor-widget elementor-widget-image\" data-id=\"3da27b6f\" data-element_type=\"widget\" data-e-type=\"widget\" data-widget_type=\"image.default\">\n\t\t\t\t<div class=\"elementor-widget-container\">\n\t\t\t\t\t\t\t\t\t\t\t\t\t\t\t<img fetchpriority=\"high\" decoding=\"async\" width=\"2560\" height=\"1707\" src=\"https:\/\/sitapeturs.com\/wp-content\/uploads\/2024\/01\/DSC06973-Edit-scaled.jpg\" class=\"attachment-full size-full wp-image-220\" alt=\"\" srcset=\"https:\/\/sitapeturs.com\/wp-content\/uploads\/2024\/01\/DSC06973-Edit-scaled.jpg 2560w, https:\/\/sitapeturs.com\/wp-content\/uploads\/2024\/01\/DSC06973-Edit-300x200.jpg 300w, https:\/\/sitapeturs.com\/wp-content\/uploads\/2024\/01\/DSC06973-Edit-1024x683.jpg 1024w, https:\/\/sitapeturs.com\/wp-content\/uploads\/2024\/01\/DSC06973-Edit-768x512.jpg 768w, https:\/\/sitapeturs.com\/wp-content\/uploads\/2024\/01\/DSC06973-Edit-1536x1024.jpg 1536w, https:\/\/sitapeturs.com\/wp-content\/uploads\/2024\/01\/DSC06973-Edit-2048x1365.jpg 2048w\" sizes=\"(max-width: 2560px) 100vw, 2560px\" \/>\t\t\t\t\t\t\t\t\t\t\t\t\t\t\t<\/div>\n\t\t\t\t<\/div>\n\t\t\t\t<div class=\"elementor-element elementor-element-a21956e elementor-widget elementor-widget-text-editor\" data-id=\"a21956e\" data-element_type=\"widget\" data-e-type=\"widget\" data-widget_type=\"text-editor.default\">\n\t\t\t\t<div class=\"elementor-widget-container\">\n\t\t\t\t\t\t\t\t\t<p><a href=\"https:\/\/www.freydisfoto.com\/\">Lj\u00f3smynd; freydis fotograf<\/a><\/p>\t\t\t\t\t\t\t\t<\/div>\n\t\t\t\t<\/div>\n\t\t<div class=\"elementor-element elementor-element-5f94d334 e-con-full e-flex e-con e-child\" data-id=\"5f94d334\" data-element_type=\"container\" data-e-type=\"container\">\n\t\t\t\t<div class=\"elementor-element elementor-element-78602edf elementor-widget elementor-widget-heading\" data-id=\"78602edf\" data-element_type=\"widget\" data-e-type=\"widget\" data-widget_type=\"heading.default\">\n\t\t\t\t<div class=\"elementor-widget-container\">\n\t\t\t\t\t<h2 class=\"elementor-heading-title elementor-size-default\">Hver er \u00e9g<\/h2>\t\t\t\t<\/div>\n\t\t\t\t<\/div>\n\t\t\t\t<div class=\"elementor-element elementor-element-eb1412f elementor-widget__width-initial elementor-widget elementor-widget-text-editor\" data-id=\"eb1412f\" data-element_type=\"widget\" data-e-type=\"widget\" data-widget_type=\"text-editor.default\">\n\t\t\t\t<div class=\"elementor-widget-container\">\n\t\t\t\t\t\t\t\t\t<p class=\"cvGsUA direction-ltr align-justify para-style-body\"><span class=\"OYPEnA text-decoration-none text-strikethrough-none\">\u00c9g er f\u00e6dd \u00ed Reykjav\u00edk 1955 og er frumbur\u00f0ur foreldra minna. \u00c9g er barn minnar kynsl\u00f3\u00f0ar og alin upp vi\u00f0 \u00feau gildi sem voru vi\u00f0urkennd \u00e1 \u00feeim t\u00edma, \u00fea\u00f0 er veganesti\u00f0 sem \u00e9g t\u00f3k me\u00f0 m\u00e9r \u00fat \u00ed l\u00edfi\u00f0. En allir gera eins vel og \u00feeir geta \u00fat fr\u00e1 \u00feeim forsendum sem \u00feeir hafa hverju sinni.\u00a0<\/span><\/p><p class=\"cvGsUA direction-ltr align-justify para-style-body\"><span class=\"OYPEnA text-decoration-none text-strikethrough-none\">\u00c9g er leiksk\u00f3lakennari me\u00f0 M.Ed. \u00ed menntunarfr\u00e6\u00f0um, Pedagogista fr\u00e1 Reggio Institutet Stokkh\u00f3lm og EQ-\u00feerapisti fr\u00e1 EQ-Institutet Osl\u00f3 (EQ stendur fyrir Emosjonell intelligens, tilfinningagreind). \u00c9g er me\u00f0 yfir 40 \u00e1ra fj\u00f6lbreytta reynslu af vinnu \u00ed leiksk\u00f3la sem leiksk\u00f3lakennari, stj\u00f3rnandi, rannsakandi og r\u00e1\u00f0gjafi. <br \/>\u00c9g hef komi\u00f0 a\u00f0 kennslu meistaranema vi\u00f0 H\u00e1sk\u00f3lann \u00e1 Akureyri,<\/span><span class=\"OYPEnA text-decoration-none text-strikethrough-none\">\u00a0me\u00f0 fyrirlestra er var\u00f0a yngstu b\u00f6rnin. <br \/>Fr\u00e1 desember 2010 til jan 2022, hef \u00e9g unni\u00f0 \u00ed leiksk\u00f3lum \u00ed Osl\u00f3, fyrst og fremst me\u00f0 1 &#8211; 3 \u00e1ra b\u00f6rnum. \u00c1herslur m\u00ednar \u00ed starfi hafa veri\u00f0 umhyggja, tengslamyndun og tilfinningagreind. \u00c9g hef lagt \u00e1herslu \u00e1 a\u00f0 vinna \u00ed r\u00f3legum takti (e. Slow pedagog) \u00fear sem leitast er vi\u00f0 a\u00f0 vera \u201eh\u00e9r og n\u00fa\u201c.<\/span><span class=\"OYPEnA text-decoration-none text-strikethrough-none\"> Fyrir m\u00e9r er opinn efnivi\u00f0ur \u00ed t\u00f6frandi r\u00fdmi jafngildi \u00feri\u00f0ja kennarans.<\/span><\/p><p class=\"cvGsUA direction-ltr align-justify para-style-body\"><span style=\"color: var( --e-global-color-text ); font-family: var( --e-global-typography-text-font-family ), Sans-serif; font-size: var( --e-global-typography-text-font-size ); font-weight: var( --e-global-typography-text-font-weight ); text-align: var(--text-align);\">\u00cd dag er \u00e9g leiksk\u00f3lakennari \u00e1 eftirlaunum sem langar a\u00f0 deila reynslu sinni og \u00feekkingu me\u00f0 sem flestum. Fr\u00e1 f\u00e6\u00f0ingu til sj\u00f6 \u00e1ra aldurs eru b\u00f6rn fyrst og fremst tilfinningaverur. \u00dea\u00f0 er \u00e1 \u00feessum vi\u00f0k\u00e6mu og mikilv\u00e6gu \u00e1rum sem tilfinningal\u00edf okkar er forrita\u00f0, sem d\u00e6mi tilfinningin a\u00f0 skipta m\u00e1li e\u00f0a ekki.\u00a0<\/span><\/p><p class=\"cvGsUA direction-ltr align-justify para-style-body\"><span class=\"OYPEnA text-decoration-none text-strikethrough-none\">\u00c9g\u00a0<\/span><span class=\"OYPEnA text-decoration-none text-strikethrough-none\">veit af reynslu a\u00f0 barn\u00e6skan varir \u00fat l\u00edfi\u00f0 og a\u00f0 \u00fea\u00f0 e<\/span><span style=\"color: var( --e-global-color-text ); font-family: var( --e-global-typography-text-font-family ), Sans-serif; font-size: var( --e-global-typography-text-font-size ); font-weight: var( --e-global-typography-text-font-weight ); text-align: var(--text-align);\">r aldrei of seint a\u00f0 breyta g\u00f6mlu mynstri til a\u00f0 l\u00ed\u00f0a betur me\u00f0 sj\u00e1lfan sig.\u00a0<\/span><\/p><p class=\"cvGsUA direction-ltr align-justify para-style-body\">\u00a0<\/p><p class=\"cvGsUA direction-ltr align-justify para-style-body\">\u00a0<\/p>\t\t\t\t\t\t\t\t<\/div>\n\t\t\t\t<\/div>\n\t\t\t\t<\/div>\n\t\t<div class=\"elementor-element elementor-element-09261d6 e-flex e-con-boxed e-con e-child\" data-id=\"09261d6\" data-element_type=\"container\" data-e-type=\"container\">\n\t\t\t\t\t<div class=\"e-con-inner\">\n\t\t\t\t<div class=\"elementor-element elementor-element-4bf17cd elementor-widget elementor-widget-text-editor\" data-id=\"4bf17cd\" data-element_type=\"widget\" data-e-type=\"widget\" data-widget_type=\"text-editor.default\">\n\t\t\t\t<div class=\"elementor-widget-container\">\n\t\t\t\t\t\t\t\t\t<p>Barn\u00e6skan varir alla \u00e6vi!<\/p>\t\t\t\t\t\t\t\t<\/div>\n\t\t\t\t<\/div>\n\t\t\t\t\t<\/div>\n\t\t\t\t<\/div>\n\t\t\t\t<div class=\"elementor-element elementor-element-4d4c7041 elementor-widget elementor-widget-spacer\" data-id=\"4d4c7041\" data-element_type=\"widget\" data-e-type=\"widget\" data-widget_type=\"spacer.default\">\n\t\t\t\t<div class=\"elementor-widget-container\">\n\t\t\t\t\t\t\t<div class=\"elementor-spacer\">\n\t\t\t<div class=\"elementor-spacer-inner\"><\/div>\n\t\t<\/div>\n\t\t\t\t\t\t<\/div>\n\t\t\t\t<\/div>\n\t\t\t\t<\/div>\n\t\t<div class=\"elementor-element elementor-element-571068ac e-con-full e-flex e-con e-child\" data-id=\"571068ac\" data-element_type=\"container\" data-e-type=\"container\">\n\t\t<div class=\"elementor-element elementor-element-705f10dd e-flex e-con-boxed e-con e-child\" data-id=\"705f10dd\" data-element_type=\"container\" data-e-type=\"container\">\n\t\t\t\t\t<div class=\"e-con-inner\">\n\t\t\t\t<div class=\"elementor-element elementor-element-af87678 elementor-widget elementor-widget-heading\" data-id=\"af87678\" data-element_type=\"widget\" data-e-type=\"widget\" data-widget_type=\"heading.default\">\n\t\t\t\t<div class=\"elementor-widget-container\">\n\t\t\t\t\t<h2 class=\"elementor-heading-title elementor-size-xl\">S\u00edta P\u00e9tursd\u00f3ttir  <\/h2>\t\t\t\t<\/div>\n\t\t\t\t<\/div>\n\t\t\t\t\t<\/div>\n\t\t\t\t<\/div>\n\t\t<div class=\"elementor-element elementor-element-388fef22 e-flex e-con-boxed e-con e-child\" data-id=\"388fef22\" data-element_type=\"container\" data-e-type=\"container\">\n\t\t\t\t\t<div class=\"e-con-inner\">\n\t\t<div class=\"elementor-element elementor-element-723dec56 e-flex e-con-boxed e-con e-child\" data-id=\"723dec56\" data-element_type=\"container\" data-e-type=\"container\">\n\t\t\t\t\t<div class=\"e-con-inner\">\n\t\t\t\t<div class=\"elementor-element elementor-element-f7727f9 elementor-widget elementor-widget-text-editor\" data-id=\"f7727f9\" data-element_type=\"widget\" data-e-type=\"widget\" data-widget_type=\"text-editor.default\">\n\t\t\t\t<div class=\"elementor-widget-container\">\n\t\t\t\t\t\t\t\t\t<p>EQ- terapist &#8211;\u00a0<span style=\"color: var( --e-global-color-text ); font-family: var( --e-global-typography-aadcd53-font-family ), Sans-serif; font-size: var( --e-global-typography-aadcd53-font-size ); font-weight: var( --e-global-typography-aadcd53-font-weight ); letter-spacing: var( --e-global-typography-aadcd53-letter-spacing ); word-spacing: var( --e-global-typography-aadcd53-word-spacing );\">Livets Reise<\/span><\/p><p>Leiksk\u00f3lakennari \/ Barnehagel\u00e6rer.\u00a0<\/p>\t\t\t\t\t\t\t\t<\/div>\n\t\t\t\t<\/div>\n\t\t\t\t\t<\/div>\n\t\t\t\t<\/div>\n\t\t\t\t<div class=\"elementor-element elementor-element-ea764fd elementor-widget elementor-widget-text-editor\" data-id=\"ea764fd\" data-element_type=\"widget\" data-e-type=\"widget\" data-widget_type=\"text-editor.default\">\n\t\t\t\t<div class=\"elementor-widget-container\">\n\t\t\t\t\t\t\t\t\t<p>\u00c9g b\u00fd\u00f0 upp \u00e1 EQ-\u00feerap\u00edu fyrir einstaklinga \u00e1 \u00f6llum aldri. B\u00e6\u00f0i \u00ed raunheimum og \u00ed fjarfundi, allt eftir hva\u00f0 hentar hverjum og einum.\u00a0<\/p><p>Jeg tilbyr individuelle EQ-terapi til ungdom og voksne, i Oslo og online.<\/p><p>\u00c9g b\u00fd\u00f0 upp \u00e1 fyrirlestra fyrir leiksk\u00f3la.\u00a0<\/p><p><span style=\"color: var( --e-global-color-text ); font-family: var( --e-global-typography-text-font-family ), Sans-serif; font-size: var( --e-global-typography-text-font-size ); font-weight: var( --e-global-typography-text-font-weight ); text-align: var(--text-align);\">Jeg tilbyr\u00a0<\/span><span style=\"color: var( --e-global-color-text ); font-family: var( --e-global-typography-text-font-family ), Sans-serif; font-size: var( --e-global-typography-text-font-size ); font-weight: var( --e-global-typography-text-font-weight ); text-align: var(--text-align);\">forelesninger til barnehage.<\/span><\/p>\t\t\t\t\t\t\t\t<\/div>\n\t\t\t\t<\/div>\n\t\t\t\t<div class=\"elementor-element elementor-element-b69af43 elementor-widget elementor-widget-heading\" data-id=\"b69af43\" data-element_type=\"widget\" data-e-type=\"widget\" data-widget_type=\"heading.default\">\n\t\t\t\t<div class=\"elementor-widget-container\">\n\t\t\t\t\t<h2 class=\"elementor-heading-title elementor-size-default\">Litt om meg<\/h2>\t\t\t\t<\/div>\n\t\t\t\t<\/div>\n\t\t\t\t<div class=\"elementor-element elementor-element-126bcee elementor-widget elementor-widget-text-editor\" data-id=\"126bcee\" data-element_type=\"widget\" data-e-type=\"widget\" data-widget_type=\"text-editor.default\">\n\t\t\t\t<div class=\"elementor-widget-container\">\n\t\t\t\t\t\t\t\t\t<p>Jeg ble f\u00f8dt i Reykjav\u00edk i 1955 og er den f\u00f8rste f\u00f8dt av foreldrene mine. Jeg er et barn av min generasjon og ble oppdratt med verdiene som ble anerkjent p\u00e5 den tiden, det er det\u00a0 jeg tok med meg ut i livet, kanskje ikke alt s\u00e5 bra. Men alle gj\u00f8r s\u00e5 godt de kan ut fra de kriteriene de til enhver tid har.<\/p><p>Jeg er f\u00f8rskolel\u00e6rer med en M.Ed. i utdanning, Pedagog fra Reggio Institutet Stockholm og EQ-terapeut fra EQ-Institutet Oslo (EQ st\u00e5r for Emosjonal intelligens, emosjonell intelligens). Jeg har over 40 \u00e5rs variert erfaring med \u00e5 jobbe i f\u00f8rskoler som f\u00f8rskolel\u00e6rer, administrator, forsker og konsulent.<br \/>Jeg har undervist masterstudenter ved Universitetet i Akureyri, med forelesninger om de yngste barna.<br \/>Fra desember 2010 til januar 2022 har jeg jobbet i f\u00f8rskoler i Oslo, prim\u00e6rt med 1 &#8211; 3 \u00e5r gamle barn. Mitt fokus i arbeidet mitt har v\u00e6rt omsorg, relasjonsbygging, tilknytting og emosjonell intelligens. Jeg har fokusert p\u00e5 \u00e5 jobbe i en langsom rytme (e. Slow pedagog) hvor det gjelder \u00e5 v\u00e6re \u00abher og n\u00e5\u00bb og nyte \u00f8yeblikket. For meg tilsvarer \u00e5pent materiale i et magisk rom likt og den tredje l\u00e6reren.<\/p><p>I dag er jeg en pensjonert barnehagel\u00e6rer som \u00f8nsker \u00e5 dele min erfaring og kunnskap med s\u00e5 mange som mulig. Barn er f\u00f8rste og fremst f\u00f8lelse vesen de f\u00f8rste syv leve\u00e5rene. Det er i disse relevante og viktige \u00e5rene f\u00f8lelseslivet v\u00e5rt er programmert, for eksempel f\u00f8lelsen av \u00e5 v\u00e6re nok eller ikke.\u00a0<\/p><p>Jeg vet av erfaring at barndommen varer livet ut, og det er aldri for sent \u00e5 endre gamle m\u00f8nstre for \u00e5 f\u00f8le deg bedre med deg selv.<\/p>\t\t\t\t\t\t\t\t<\/div>\n\t\t\t\t<\/div>\n\t\t<div class=\"elementor-element elementor-element-687657c7 e-flex e-con-boxed e-con e-child\" data-id=\"687657c7\" data-element_type=\"container\" data-e-type=\"container\">\n\t\t\t\t\t<div class=\"e-con-inner\">\n\t\t\t\t<div class=\"elementor-element elementor-element-570232c elementor-widget elementor-widget-text-editor\" data-id=\"570232c\" data-element_type=\"widget\" data-e-type=\"widget\" data-widget_type=\"text-editor.default\">\n\t\t\t\t<div class=\"elementor-widget-container\">\n\t\t\t\t\t\t\t\t\t<p>Barndommen varer livet ut!<\/p>\t\t\t\t\t\t\t\t<\/div>\n\t\t\t\t<\/div>\n\t\t\t\t\t<\/div>\n\t\t\t\t<\/div>\n\t\t\t\t\t<\/div>\n\t\t\t\t<\/div>\n\t\t\t\t<\/div>\n\t\t\t\t<\/div>\n\t\t\t\t<\/div>\n\t\t","protected":false},"excerpt":{"rendered":"<p>EQ-terapi Norsk EQ-\u00feerapist \u00cdslenska Fyrirlestrar fyrir leiksk\u00f3la Lj\u00f3smynd; freydis fotograf Hver er \u00e9g \u00c9g er f\u00e6dd \u00ed Reykjav\u00edk 1955 og er frumbur\u00f0ur foreldra minna. \u00c9g er barn minnar kynsl\u00f3\u00f0ar og alin upp vi\u00f0 \u00feau gildi sem voru vi\u00f0urkennd \u00e1 \u00feeim t\u00edma, \u00fea\u00f0 er veganesti\u00f0 sem \u00e9g t\u00f3k me\u00f0 m\u00e9r \u00fat \u00ed l\u00edfi\u00f0. En allir gera [&hellip;]<\/p>\n","protected":false},"author":1,"featured_media":0,"parent":0,"menu_order":0,"comment_status":"closed","ping_status":"closed","template":"elementor_theme","meta":{"om_disable_all_campaigns":false,"_monsterinsights_skip_tracking":false,"_monsterinsights_sitenote_active":false,"_monsterinsights_sitenote_note":"","_monsterinsights_sitenote_category":0,"footnotes":""},"class_list":["post-564","page","type-page","status-publish","hentry"],"aioseo_notices":[],"_links":{"self":[{"href":"https:\/\/sitapeturs.com\/index.php\/wp-json\/wp\/v2\/pages\/564","targetHints":{"allow":["GET"]}}],"collection":[{"href":"https:\/\/sitapeturs.com\/index.php\/wp-json\/wp\/v2\/pages"}],"about":[{"href":"https:\/\/sitapeturs.com\/index.php\/wp-json\/wp\/v2\/types\/page"}],"author":[{"embeddable":true,"href":"https:\/\/sitapeturs.com\/index.php\/wp-json\/wp\/v2\/users\/1"}],"replies":[{"embeddable":true,"href":"https:\/\/sitapeturs.com\/index.php\/wp-json\/wp\/v2\/comments?post=564"}],"version-history":[{"count":29,"href":"https:\/\/sitapeturs.com\/index.php\/wp-json\/wp\/v2\/pages\/564\/revisions"}],"predecessor-version":[{"id":718,"href":"https:\/\/sitapeturs.com\/index.php\/wp-json\/wp\/v2\/pages\/564\/revisions\/718"}],"wp:attachment":[{"href":"https:\/\/sitapeturs.com\/index.php\/wp-json\/wp\/v2\/media?parent=564"}],"curies":[{"name":"wp","href":"https:\/\/api.w.org\/{rel}","templated":true}]}}